 = -3*y**3 - 8*y**2 + 27*y + 10. Let b(x) = -2*x**3 - 5*x**2 + 19*x + 7. Let t(h) = 7*b(h) - 5*l(h). Determine t(o).
9
Let c(a) = 46*a - 36*a - 72*a - 9 + 11*a**2. Let n(y) = 5*y**2 - 28*y - 5. Let t(p) = -4*c(p) + 9*n(p). What is t(-2)?
3
Let g = 10031 + -10022. Let w(h) = -h**3 + 16 + 2*h - 6*h**2 + 2*h**3 - 25 - 3*h**2. What is w(g)?
9
Let u(j) be the third derivative of j**6/40 - j**5/30 - j**4/12 - j**3/6 + 11*j**2 + 52. Give u(-2).
-29
Let f(j) = j - 7. Suppose -2*x = 4*p - 28, -5*x + 14 = 2*p - 16. Suppose 0 = x*w - 4, 5*g + w - 37 - 9 = 0. Calculate f(g).
2
Let v be (3 - 2)/(1/(-3)). Let u be ((-130)/8)/((-3 + v)/24). Let w(g) = u*g - 2 - 35*g - 33*g. Give w(3).
-11
Let d(n) = 172 - 27 + 5392*n + 5390*n + 5393*n - 16195*n. What is d(8)?
-15
Let o(c) = -14*c**2 + 10*c + 10. Let s = 489 + -478. Let r(u) = 5*u**2 - 3*u - 4. Let w(m) = s*r(m) + 4*o(m). Let b be (1 - 3)/(2/(-7)). What is w(b)?
-4
Let i(h) = -h**2 + 9*h + 18. Suppose 34*c - 66 = -29*c + 501. What is i(c)?
18
Suppose -815*j = -823*j. Let r = 2 - j. Let x(o) = -3 + o + 2*o**3 + 2*o**2 + o - 5*o**3. Give x(r).
-15
Let i be ((-70)/21)/(-10*(-12)/180). Let p(v) = -v**2 - 6*v - 15. Determine p(i).
-10
Let p(i) = -5*i**2 - 27*i + 83. Let o(w) = w**2 - 2*w + 4. Let v(q) = 6*o(q) + p(q). Calculate v(36).
-1
Let x(k) be the third derivative of -k**7/504 + k**6/240 + 11*k**5/60 - k**3/3 + 52*k**2. Let a(n) be the third derivative of x(n). Calculate a(2).
-17
Let y(z) = -4*z**2 + 4*z + 2. Let r(u) = 25*u**2 + 3*u + 1. Let v(x) = r(x) + 6*y(x). Give v(-24).
-59
Let x(u) be the second derivative of u**5/20 - 17*u**4/12 + 5*u**3/2 + 9*u**2 - 811*u. Determine x(16).
2
Suppose -a + z + 3 = 0, -z - 1 = -3*a + 8. Let q(o) = 124*o**3 + 3 + 2*o - 128*o**a - 2. What is q(-1)?
3
Let u(g) = -g**3 + 7 + 1746*g - 6*g**2 - 9*g**2 - 1732*g. Give u(-16).
39
Let j(c) = 13*c**2 - 3*c + 70. Let q(g) = -24*g**2 + 6*g - 124. Let a(b) = 11*j(b) + 6*q(b). Calculate a(0).
26
Let i be -3*(-5)/15*1. Let n(g) = 4*g + 2. Suppose -11*v - 15 = 7. Let p(l) = -9*l - 5. Let o(r) = v*p(r) - 5*n(r). Determine o(i).
-2
Let g be (-2 + 3)/(234/104 + -2). Let t(n) = -11*n**3 - n**2 + 2*n - 1. Let o(d) = 5*d**3 - d + 1. Let z(h) = 9*o(h) + 4*t(h). Give z(g).
1
Let s(t) = -232 - 262 + 36*t + 460 + 2*t**2. Determine s(-19).
4
Let l(g) = -134*g**3 + 318*g**3 - 5*g**2 + 9*g + 18 - 185*g**3. Let h be 2/8 - 75/12. Let o be l(h). Let r(y) = -y + 4. Determine r(o).
4
Let g = -1906 - -1909. Let d(f) = -f**3 + 5*f**2 + 5*f - 4. Give d(g).
29
Suppose -h - 7 = -4*d - 68, 39 = -d + 5*h. Let k(u) = u**3 + 15*u**2 + 13*u + 19. What is k(d)?
33
Let a(t) be the first derivative of t**2/2 - 28*t + 1991. Determine a(23).
-5
Let c(l) = -8*l - 1. Suppose w - 1 = 3. Suppose t + 3*t = -5*g + 40, w*t - 40 = 4*g. Suppose a - 6*o + t = -4*o, 0 = 2*a + o. Give c(a).
15
Let d(b) = 5*b - 47. Let l be d(5). Let p(c) = -c**2 - 23*c + 7. Let a be p(l). Let z = a - 28. Let i(k) = 9*k. What is i(z)?
9
Let g = -2532 + 2534. Let p(u) = -3*u + 5*u**3 + 2*u**2 - 10*u**3 + 4*u**3 + 2*u**3 + 1. Calculate p(g).
11
Let x = 12185 + -12163. Let o(y) be the second derivative of 0 + x*y + 0*y**2 - 1/6*y**3. Calculate o(4).
-4
Let m(y) = 2 - 7*y + 1 + 117*y**2 - y**3 - 120*y**2 - 6. Let d(t) = t**3 + 4*t**2 + 6*t + 2. Let w(b) = -3*d(b) - 2*m(b). Calculate w(-5).
-5
Let z(l) = -4*l - 2*l + 9 + l**2 + 0*l. Let b(f) = f**3 - 2*f**2 + 2*f + 4. Let n be b(0). Let q be z(n). Let h(r) = -r. What is h(q)?
-1
Let a(f) = -f - 9. Let v be a(-24). Suppose d = 3, 20*d = -3*b + v*d + 9. Let l(o) = 18*o - 1. Determine l(b).
-37
Let c(z) = -z**2 - 13*z - 10. Suppose 5*y + 52*j - 3179 = 50*j, -2*j = -y + 643. Let g = y + -645. Calculate c(g).
30
Suppose 4*i - 2*q = -5*q + 15, 4*q + 6 = -i. Let a be -12 + i - -13 - 2. Let b(p) = -p**3 + 5*p**2 - 3*p + 6. What is b(a)?
-9
Let a(u) = -16*u - 1. Let q(h) = 52*h - 14. Let b(c) = -3*a(c) - q(c). Calculate b(6).
-7
Let y(u) = -3*u**2 + 25 + 23*u + 13*u**2 - 174*u**3 + 92*u**3 - 15*u + 84*u**3. Determine y(-5).
-15
Suppose 135873 = -10*k + 135773. Let z(w) = -w**3 - 13*w**2 - 28*w + 10. Calculate z(k).
-10
Let z(d) = 241*d - 38. Let k(a) = -46*a + 7. Let n(p) = -11*k(p) - 2*z(p). Calculate n(-2).
-49
Suppose -8*r = 4*d - 3*r - 47, 5*d - 100 = 2*r. Suppose 2*j - d = -j. Let s(h) = 0 - 4*h + j - 1 - 3. Determine s(2).
-6
Suppose 5*y + 5*b - 35 = 0, 15*y - 3*b = 10*y + 59. Let i(u) = -3*u + 9. Determine i(y).
-21
Let d(m) = -m**2 - 4*m + 19. Let b(l) = -l**2 + 112*l - 426. Let n be b(4). Give d(n).
-41
Let w(z) = -5*z**3 + 6*z**3 - 2*z**2 - 2*z + 0*z + 0*z**3. Let a(o) = 3*o + 36. Let u be a(-10). Let l be (1 - 12/u) + 4. Give w(l).
3
Suppose 238 = 30*a - 13*a. Suppose 19*r - a*r = 30. Let g(n) = -n**2 + 7*n - 10. Calculate g(r).
-4
Let p be 4 - 4 - -4 - -2. Let k = p + -3. Let s(x) = 6*x - 7*x + 6 - 1 - k. Give s(2).
0
Let u(j) = 5*j - 1. Let m be u(0). Let w(a) = -a**3 + a**2 + a + 1. Let d(n) = -4*n**3 - n**2 + 8*n + 8. Let g(l) = m*d(l) + 3*w(l). Determine g(-5).
-5
Let k(b) be the first derivative of -b**3/3 - 26*b**2 - 195*b - 1513. Determine k(-48).
-3
Let p(y) = 37 - 4*y + 4*y**3 - 8*y + 20 - 63 - 5*y**3 + 11*y**2. Let r be 12 + ((-96)/168 - 20/14). Calculate p(r).
-26
Let w(k) be the first derivative of k**2/2 - 39*k - 2292. Determine w(24).
-15
Let g = 7917 - 7912. Let f(a) be the first derivative of g*a + 1/2*a**2 - 9. What is f(-7)?
-2
Let y(u) be the second derivative of 3*u**4/8 - 2*u**3/3 - 33*u**2/2 - 147*u. Let v(f) be the first derivative of y(f). Determine v(3).
23
Let c = -5499 - -5490. Let k(f) = -5*f - 42. Give k(c).
3
Suppose 0*v = -v - 4, 2*u + 6 = 3*v. Let q(l) = 12*l**2 + 4*l**2 + 206 - 218 - 11*l - 17*l**2. What is q(u)?
6
Let l(u) be the first derivative of u**4/4 - 2*u**3 + 11*u**2/2 - 70*u - 584. Calculate l(6).
-4
Let p = -12 - -42. Suppose -5*w + 22 + 3 = 0, 2*d = -2*w - 8. Let b be (p/d)/((-2)/(-3)). Let k(u) = 2*u - 3. Determine k(b).
-13
Let d(g) be the second derivative of -g**3/2 - 139*g**2/2 - 89*g - 11. What is d(-47)?
2
Suppose 0 = c + 2*j - 21 - 0, j + 94 = 5*c. Let m(b) = 0 + 15 - 9*b + 29*b - c*b. Calculate m(-19).
-4
Let v(u) = u + 1. Let q(h) = 4*h + 11. Let x(i) = q(i) - 2*v(i). Suppose 2*j + 2*f = -6, -4*f = -8*f + 12. Calculate x(j).
-3
Let v(n) = -n**3 + 11*n**2 - 23*n - 6. Let g = 13071 - 13063. Determine v(g).
2
Let a(h) = 13 - 13*h**3 + 27*h + 2394*h**2 + 12*h**3 - 2381*h**2. Give a(15).
-32
Let h be (-2)/6*11*(25 + 560/(-20)). Let p(g) = -2*g**2 + 29*g - 84. What is p(h)?
-7
Let z(s) = -5*s + 357 + 4*s**2 - 776 + 408. Determine z(3).
10
Suppose 56 = -5*v - 3*w, -3*v + 3*w - 27 = 7*w. Let b = -17 - v. Let q be (-18)/(-4)*b/3. Let o(m) = m - 3. Determine o(q).
-9
Let i(k) = 4*k + 6. Let m be 5 + (-85)/15 - (-668)/12. Let x be m/(-10) + 0 - (-2)/4. Determine i(x).
-14
Let q = -5160 + 5178. Let c(k) = k**3 - 20*k**2 + 38*k - 39. Determine c(q).
-3
Let w(q) = q**3 - 7*q**2 + 3*q + 3. Suppose f - 3*g = -41, 0 = -5*f - 2*g - 45 - 245. Let a = f + 63. Give w(a).
24
Let i(w) = -w**3 - 10*w**2 - 6*w - 18. Let h be (510/(-153))/(0 + (-3)/(-9)). Determine i(h).
42
Let l(t) = -t**3 + 18*t**2 - 29*t + 32. Suppose 5*u - 3*o = 65, -3*u - 4*o + 34 = -34. Give l(u).
80
Let q(r) be the third derivative of r**8/20160 + r**7/840 + 7*r**6/720 + 47*r**5/60 + r**2 - 11*r. Let g(t) be the third derivative of q(t). What is g(-5)?
2
Let d = -16 - -11. Let z(s) = -43110*s - 2 + 21540*s + 21575*s. Determine z(d).
-27
Let s(v) = -119*v - 23. Let k(n) = 98*n + 22. Let w(h) = -6*k(h) - 5*s(h). What is w(4)?
11
Let a = 265 - 263. Suppose a*n - 11*b = -9*b + 4, 0 = -2*b + 8. Let j(o) = o**3 - 6*o**2 - 1. Give j(n).
-1
Suppose 2*b + 2*j = 8, 20 = -4*j - 0*j. Suppose 0 = -4*g - b - 3, 4*t + 4*g - 12 = 0. Let o(i) = -i**2 + i - 7. What is o(t)?
-37
Let q(h) = h**3 - 5*h**2 + 2*h + 5. Let b be 16 - (2 + 1) - -3. Suppose 2*y - 8 = -b. Let g be 1/y - 119/(-28). Calculate q(g).
-3
Let k(f) be the third derivative of f**4/8 - 13*f**3/2 + 1351*f**2. Calculate k(13).
0
Suppose 4*v + 3*h = 28, 4*h + 20 = 9*h. Suppose -4*s + w + 453 = 0, -v*s + 0*s - w = -443. Let n(k) = -7 - 59*k + 3 + s*k + k**2 - 57*k. What is n(4)?
-4
Suppose -63 = 96*h - 75*h. Let s(q) be the third derivative of -q**6/120 - q**5/12 - q**4/8 - q**3/2 - 12*q**2. Give 